403112
In base 11, what is 3937060 + 55?
3937105
In base 7, what is -32631350 - 0?
-32631350
In base 10, what is 162 - -9301?
9463
In base 10, what is 10952 - 175?
10777
In base 5, what is -4300 - 214413?
-224213
In base 8, what is 2456306 - 0?
2456306
In base 13, what is 16a4 + -755?
c4c
In base 7, what is 1610204 - -10613?
1621120
In base 7, what is 3 - -214110151?
214110154
In base 5, what is -40444 + 34013?
-1431
In base 15, what is -5 - -4772c34?
4772c2e
In base 2, what is -11100100101 + 10000011000111011100?
10000010101010110111
In base 10, what is -27 + 1278558?
1278531
In base 10, what is 564553 - 5?
564548
In base 3, what is 2120 - -12211020201?
12211100021
In base 4, what is 131001120210 + 233?
131001121103
In base 13, what is 177 - -4515?
468c
In base 5, what is -122033 + 22124?
-44404
In base 7, what is 5 + -23524530?
-23524522
In base 5, what is -10 + -13332404440?
-13332410000
In base 3, what is 20 - -1200202110110?
1200202110200
In base 10, what is 2555 + 3108?
5663
In base 6, what is 4315152015 + -2?
4315152013
In base 8, what is -52013541 + -5?
-52013546
In base 2, what is -10101 - 111000100101111000?
-111000100110001101
In base 11, what is -156 - -527a4?
52649
In base 2, what is 11011010110011 + 1011010101010?
100110101011101
In base 9, what is 233 - -21225060?
21225303
In base 16, what is 5b235 + 60?
5b295
In base 15, what is -10da + -6c2?
-17ac
In base 6, what is -4 + -2325502550?
-2325502554
In base 7, what is 10532525 + -5?
10532520
In base 9, what is 5 + 10756701?
10756706
In base 13, what is -1066cb + -67?
-106765
In base 11, what is 1a1 + -1670?
-147a
In base 15, what is 87cb - -110?
88db
In base 7, what is -136 + -51100156?
-51100325
In base 2, what is 110101001000 - 11111100?
110001001100
In base 15, what is 68bd63 - 34?
68bd2e
In base 12, what is 16 - 21617?
-21601
In base 5, what is 21304401 + -10?
21304341
In base 14, what is -11b2 - -7ad20?
79b4c
In base 15, what is -187b + 193?
-16d8
In base 3, what is 10001 + -2220000?
-2202222
In base 8, what is -136 + 57516?
57360
In base 10, what is 0 - -1615168?
1615168
In base 13, what is -12b - -6994?
6866
In base 13, what is 1bc78505a - 0?
1bc78505a
In base 16, what is -12635a + 1bb?
-12619f
In base 4, what is 22 + 22031303203101?
22031303203123
In base 4, what is -12001 + 30212200?
30200133
In base 9, what is -2 - 4672502?
-4672504
In base 7, what is -4 + -356605352?
-356605356
In base 2, what is -100 - -100111111000000111101011?
100111111000000111100111
In base 10, what is 4727 - 4421?
306
In base 13, what is a4c798 + -3?
a4c795
In base 6, what is -130115 - 2245?
-132404
In base 8, what is -2104534 + 473?
-2104041
In base 14, what is 6 - -103d98b?
103d993
In base 6, what is -21142 + 4133112?
4111530
In base 11, what is -2 + -4142a84?
-4142a86
In base 13, what is -1b32300 - -4?
-1b322c9
In base 8, what is 202527 - 1306?
201221
In base 10, what is -6433 + -523?
-6956
In base 2, what is -1101111001 - -1100011001?
-1100000
In base 3, what is -100002210010210210 - 112?
-100002210010211022
In base 11, what is -4 - -10145195?
10145191
In base 9, what is -246150501 - -4?
-246150486
In base 6, what is 1534413214 + 5?
1534413223
In base 10, what is -819 + -9716?
-10535
In base 10, what is 6553186 + -3?
6553183
In base 14, what is 1d38 + -21a7?
-26d
In base 9, what is 2144 + 133722?
135866
In base 2, what is -100101 + -101010101010001110?
-101010101010110011
In base 4, what is -100232201330 - -2112?
-100232133212
In base 12, what is -1111 + -695?
-17a6
In base 16, what is 3ef94 + -197?
3edfd
In base 9, what is -16088866 + -14?
-16088881
In base 16, what is 7fb - -e7ec?
efe7
In base 15, what is 3a + 5514a?
55185
In base 6, what is -1545341152 - -150?
-1545341002
In base 3, what is 100 - 1110120221220000?
-1110120221212200
In base 15, what is da7992 + -1?
da7991
In base 2, what is -1000001011 - 11110100001110?
-11111100011001
In base 12, what is 2392a909 - 4?
2392a905
In base 5, what is 3224 + -12234223?
-12230444
In base 6, what is -23 - -1122444422?
1122444355
In base 11, what is -2 + 1833066?
1833064
In base 6, what is -1453 + 1003511?
1002014
In base 3, what is -12 + -12110020002122?
-12110020002211
In base 11, what is -984177454 - -4?
-984177450
In base 3, what is -2202112 + 1012102?
-1120010
In base 11, what is -4499617 - -30?
-4499597
In base 13, what is 116c88c2 + 4?
116c88c6
In base 2, what is 10110111101000000100110000 - 10?
10110111101000000100101110
In base 5, what is 2223013 - 123433?
2044030
In base 12, what is -2a402 - 1?
-2a403
In base 8, what is -13733 - -30430?
14475
In base 10, what is -115 - -77247?
77132
In base 3, what is 22102111120100000 + -2?
22102111120022221
In base 14, what is 69d - 1ab7?
-1418
In base 16, what is 1bcb6a + -2?
1bcb68
In base 15, what is -2eba002 - -4?
-2eb9eed
In base 5, what is -4 - 41420121143?
-41420121202
In base 3, what is 21 - -11100122021202011?
11100122021202102
In base 9, what is -2 + -230615500?
-230615502
In base 2, what is 100101011111100011100 + -11000?
100101011111100000100
In base 5, what is -2102021134033 + -3?
-2102021134041
In base 14, what is -2 - 8a1786d?
-8a17871
In base 4, what is 11 - -1222113021112?
1222113021123
In base 12, what is b9b - -445a?
5439
In base 2, what is -10110001101001110101001 + -1?
-10110001101001110101010
In base 7, what is -161640 - -210362?
15422
In base 3, what is 20001200000 - -2220?
20001202220
In base 9, what is -3321574 - -70?
-3321504
In base 13, what is 57 - 361ba3?
-361b49
In base 3, what is -12122112022221 - -11?
-12122112022210
In base 10, what is 255 + 76805?
77060
In base 14, what is 1443486 - -1?
1443487
In base 8, what is -162743100 - 6?
-162743106
In base 10, what is 102219 + 2672?
104891
In base 10, what is 6 + -11253192?
-11253186
In base 14, what is 211444 + 50?
211494
In base 2, what is -10000111100 - 100000010011010?
-100010011010110
In base 16, what is 159da + 35?
15a0f
In base 11, what is 121 + 17a3215?
17a3336
In base 11, what is -155 + -277789?
-277933
In base 4, what is -23 + 2301330212232?
2301330212203
In base 7, what is -11 + 46143111?
46143100
In base 12, what is 298501a - 0?
298501a
In base 3, what is -1110012202121 + -2000?
-1110012211121
In base 4, what is -31222203203 - -2?
-31222203201
In base 8, what is 1321 + -64200?
-62657
In base 15, what is 4a - -48bd09?
48bd54
In base 3, what is -2112212002110 + 12?
-2112212002021
In base 3, what is 10 + -21122002220?
-21122002210
In base 9, what is 451017 + -57?
450850
In base 15, what is -35b + 5eea?
5b8e
In base 5, what is -32002411123 + 10?
-32002411113
In base 8, what is 0 + -407526541?
-407526541
In base 12, what is -12 + 708778?
708766
In base 10, what is -4 + 1412231?
1412227
In base 14, what is 116c - -1737?
28a5
In base 2, what is 110101101101100111101001 + -1?
110101101101100111101000
In base 10, what is 403086458 + -3?
403086455
In base 2, what is -10001111001110000111000 - -10?
-10001111001110000110110
In base 11, what is 0 - 3115329?
-3115329
In base 6, what is -21000222411 + 0?
-21000222411
In base 9, what is 1533 - 262533?
-261000
In base 9, what is -46027220 + -3?
-46027223
In base 15, what is -ac + 4438c?
442d0
In base 8, what is -147465442 - 4?
-147465446
In base 7, what is 2562035 - -222?
2562260
In base 13, what is -2730 - -448?
-22b5
In base 8, what is 144314 - -247?
144563
In base 7, what is -2 - -1644065?
1644063
In base 10, what is 17 + 2132141?
2132158
In base 13, what is -1304aa320 + 3?
-1304aa31a
In base 6, what is -11 + 12204251213?
12204251202
In base 6, what is -5 - -1001402323?
1001402314
In base 8, what is -1 + 400164374?
400164373
In base 8, what is 15050555 - 11?
15050544
In base 14, what is -7 - -7bc30?
7bc27
In base 11, what is -1458761 + 9?
-1458753
In base 12, what is -14 - -62172?
6215a
In base 5, what is 240421 - -2042?
243013
In base 7, what is 206235 - 224?
206011
In base 15, what is 1452c + 212?
1473e
In base 13, what is 2c - 334aa3?
-334a74
In base 14, what is -2 - 74a53?
-74a55
In base 11, what is -80 - -2283631?
2283561
In base 9, what is 3050666 + 15?
3050682
In base 7, what is 1440 - -1235350?
1240120
In base 8, what is -12424 + -3457?
-16103
In base 8, what is 214770 - 3?
214765
In base 13, what is 611 + -169126?
-168815
In base 15, what is -202edb0 + -1?
-202edb1
In